{"id":24,"date":"2018-05-21T18:24:38","date_gmt":"2018-05-21T18:24:38","guid":{"rendered":"http:\/\/arge-russland.de\/?page_id=24"},"modified":"2023-08-28T16:13:25","modified_gmt":"2023-08-28T16:13:25","slug":"pruefer","status":"publish","type":"page","link":"https:\/\/arge-russland.de\/?page_id=24","title":{"rendered":"Pr\u00fcfer"},"content":{"rendered":"\n<h3 class=\"wp-block-heading\">Pr\u00fcfer<\/h3>\n\n\n\n<p>Die ArGe Russland\/UdSSR empfiehlt keine Pr\u00fcfer, wir ver\u00f6ffentlichen nur die uns gemeldeten Daten und Fakten. Grunds\u00e4tzlich wollen wir auch den Pr\u00fcfern gegen\u00fcber neutral bleiben, sind aber gerne bereit ihre Personalien hier aufzunehmen. Auch seitens unserer Mitglieder besteht Interesse und Bedarf an Pr\u00fcfern f\u00fcr unser gesamtes Sammelgebiet.<\/p>\n\n\n\n<h3 class=\"wp-block-heading\">Dr. Wolfgang Leupold \u2013 Experte im V\u00d6B und AIEP<\/h3>\n\n\n\n<p>Dr. Wolfgang Leupold ist Experte im AIEP, Mitglied im Verband \u00d6sterreichischer<br>Briefmarkenpr\u00fcfer und Mitglied des Expertenteams des Ukrainischen Philatelistenverbandes.<\/p>\n\n\n\n<p>Pr\u00fcfgebiete sind:<\/p>\n\n\n\n<ul class=\"wp-block-list\">\n<li>Zarenreich Russland (Michelnummern 1 \u2013 121),<\/li>\n\n\n\n<li>Russische Sozialistische F\u00f6derative Sowjetrepublik (Michelnummern 124 \u2013 219)<br>inkl. Flugpost-Dienstmarken, Geb\u00fchrenmarken f\u00fcr Briefmarken-Tauschsendungen und Zwangsspendenmarken (Hungerhilfe f\u00fcr den S\u00fcdosten)<\/li>\n\n\n\n<li>Sowjetunion 1923 \u2013 1991 (Michelnummern 224 \u2013 6256)<\/li>\n<\/ul>\n\n\n\n<p>Anschrift:<\/p>\n\n\n\n<p>Dr. Wolfgang Leupold,<br>Fr\u00f6belstra\u00dfe 26,<br>D-07907 Schleiz<\/p>\n\n\n\n<p>Webseite: www.wolfgang-leupold.de<br>E-Mail: leupold-schleiz@t-online.de<br>Telefon: +49 03663-4251080, Mobil: +49 (0)171 72 59 769<\/p>\n\n\n\n<h3 class=\"wp-block-heading\">Ludger Hovest &#8211; Experte im Pr\u00fcferbund VP<\/h3>\n\n\n\n<p>Ende des Jahres 2011 hat sich ein neuer Pr\u00fcferbund &#8222;VP&#8220; gegr\u00fcndet. Ludger Hovest ist Gr\u00fcndungsmitglied und pr\u00fcft ab sofort die Gebiete Ru\u00dfland, RSFSR, Sowjetunion 1857-1991 und Nebengebiete auf Anfrage. Vereinseintragung, Pr\u00fcfordnung, Pr\u00fcfgebiete und die zur Zeit aktuelle Pr\u00fcferliste finden Sie auf der <a href=\"http:\/\/www.vpev.de\" target=\"_blank\" rel=\"noopener noreferrer\">Homepage des VP<\/a>.<br>[Herr Hovest war, zusammen mit Dieter Wassmann, bis 2007 Pr\u00fcfer im BPP f\u00fcr die Gebiete Russland und Sowjetunion.]<\/p>\n\n\n\n<h4 class=\"wp-block-heading\">Anschrift<\/h4>\n\n\n\n<p>Ludger Hovest,<br>Wilhelm-Leuschner-Str. 45,<br>46485 Wesel;<\/p>\n\n\n\n<p>E-Mail: ludgerhovest@yahoo.de<br>Telefon: 0281 63287<\/p>\n\n\n\n<h3 class=\"wp-block-heading\">Stefan Berger \u2013 Experte im BPP e.V.<\/h3>\n\n\n\n<p>Stefan Berger ist Pr\u00fcfer im BPP e.V. f\u00fcr das Pr\u00fcfgebiet Armenien 1919 \u2013 1923 mit den Michelnummern 1 bis 190. Dazu geh\u00f6ren die Marken der:<\/p>\n\n\n\n<ul class=\"wp-block-list\">\n<li>Demokratische Republik Armenien 1918 \u2013 1920 (Erste Republik unter Regierung der Dashnaken)<\/li>\n\n\n\n<li>Sowjetarmenien 1921 \u2013 1922<\/li>\n\n\n\n<li>Armenien als Teil der Transkaukasische SFSR 1922-1923<\/li>\n<\/ul>\n\n\n\n<h4 class=\"wp-block-heading\">Anschrift<\/h4>\n\n\n\n<p>Stefan Berger<br>Wehrgasse 4<br>07749 Jena, Germany<\/p>\n\n\n\n<p>E-Mail: s.c.berger@gmail.com<br>Telefon: +49 (3641) 2227279<\/p>\n\n\n\n<p>Philatelic Expert in BPP (DE) for Armenia 1919-1923. Member of Rossica (USA), ARGE Russland\/UdSSR (DE), Bund deutscher Philatelisten BdPh e.V. (DE)<\/p>\n\n\n\n<h3 class=\"wp-block-heading\">Bogdan Pelc \u2013 Experte im PZF<\/h3>\n\n\n\n<p>Bogdan Pelc ist Experte im PZF und bietet Ausf\u00fchrung von Expertisen und Ausstellung von Attesten und Garantien f\u00fcr das Pr\u00fcfgebiet Polen 1764 \u2013 1915.<\/p>\n\n\n\n<ul class=\"wp-block-list\">\n<li>K\u00f6nigliche Post 1764-1795<\/li>\n\n\n\n<li>Post nach der III. Teilung Polens 1795-1807<\/li>\n\n\n\n<li>Herzogtum Warschau 1807-1815<\/li>\n\n\n\n<li>K\u00f6nigreich Polen 1815-1857 \u2013 Vorphila und russische Ganzsachen<\/li>\n\n\n\n<li>K\u00f6nigreich Polen 1858-1859 \u2013 Verwendung erster russischer Marken<\/li>\n\n\n\n<li>K\u00f6nigreich Polen 1860-1865 \u2013 Polen Nummer 1 und die ersten polnischen Ganzsachen<\/li>\n\n\n\n<li>K\u00f6nigreich Polen 1865-1875 \u2013 Erneute Einf\u00fchrung russischer Marken und Ganzsachen \u2013 Periode I<\/li>\n\n\n\n<li>K\u00f6nigreich Polen 1875-1915 \u2013 Erneute Einf\u00fchrung russischer Marken und Ganzsachen \u2013 Periode II<\/li>\n<\/ul>\n\n\n\n<p>Philatelic Expert in PZF (PL) www.zgpzf.pl and VP e.V. (DE) www.vpev.de<\/p>\n\n\n\n<p>Member of RPSL (UK), APS (USA), BDPh, PZF, Rossica (USA), ArGe Russland (DE), ArGe Polen (DE), Arge Balticum (DE), Verein der Briefmarkenfreunde Russland\/UdSSR Berlin e.V. (DE) Berliner Philatelisten Klub von 1888 e.V., ArGe Generalgouvernement, Polonus (USA), BSRP (UK), AIJP (DE)<\/p>\n\n\n\n<h4 class=\"wp-block-heading\">Anschrift<\/h4>\n\n\n\n<p>Bogdan Pelc<br>G\u00fctlingstr. 4<br>14167 Berlin<br>GERMANY<\/p>\n\n\n\n<p>mail: Bogdan.Pelc@gmx.de<br>tel: +49 172 3158581 o. +49 30 36436591 (after 18:00) &#8211; international<br>tel: 0172 3158581 o. 030 36436591 (nach 18:00) \u2013 aus Deutschland<\/p>\n","protected":false},"excerpt":{"rendered":"<p>Pr\u00fcfer Die ArGe Russland\/UdSSR empfiehlt keine Pr\u00fcfer, wir ver\u00f6ffentlichen nur die uns gemeldeten Daten und Fakten. Grunds\u00e4tzlich wollen wir auch den Pr\u00fcfern gegen\u00fcber neutral bleiben, sind aber gerne bereit ihre Personalien hier aufzunehmen. Auch seitens unserer Mitglieder besteht Interesse und Bedarf an Pr\u00fcfern f\u00fcr unser gesamtes Sammelgebiet. Dr. Wolfgang Leupold \u2013 Experte im V\u00d6B und &hellip; <a href=\"https:\/\/arge-russland.de\/?page_id=24\" class=\"more-link\"><span class=\"screen-reader-text\">Pr\u00fcfer<\/span> weiterlesen<\/a><\/p>\n","protected":false},"author":1,"featured_media":0,"parent":0,"menu_order":0,"comment_status":"closed","ping_status":"closed","template":"","meta":{"footnotes":""},"class_list":["post-24","page","type-page","status-publish","hentry"],"_links":{"self":[{"href":"https:\/\/arge-russland.de\/index.php?rest_route=\/wp\/v2\/pages\/24","targetHints":{"allow":["GET"]}}],"collection":[{"href":"https:\/\/arge-russland.de\/index.php?rest_route=\/wp\/v2\/pages"}],"about":[{"href":"https:\/\/arge-russland.de\/index.php?rest_route=\/wp\/v2\/types\/page"}],"author":[{"embeddable":true,"href":"https:\/\/arge-russland.de\/index.php?rest_route=\/wp\/v2\/users\/1"}],"replies":[{"embeddable":true,"href":"https:\/\/arge-russland.de\/index.php?rest_route=%2Fwp%2Fv2%2Fcomments&post=24"}],"version-history":[{"count":8,"href":"https:\/\/arge-russland.de\/index.php?rest_route=\/wp\/v2\/pages\/24\/revisions"}],"predecessor-version":[{"id":351,"href":"https:\/\/arge-russland.de\/index.php?rest_route=\/wp\/v2\/pages\/24\/revisions\/351"}],"wp:attachment":[{"href":"https:\/\/arge-russland.de\/index.php?rest_route=%2Fwp%2Fv2%2Fmedia&parent=24"}],"curies":[{"name":"wp","href":"https:\/\/api.w.org\/{rel}","templated":true}]}}